{"version":"1.0","provider_name":"Virtu\u00e1lis Notesz. Balla D. K\u00e1roj jegyzetei","provider_url":"https:\/\/noteszgep.cafeblog.hu","author_name":"Balla D. K\u00e1roj","author_url":"https:\/\/noteszgep.cafeblog.hu\/author\/ungpartygmail-com\/","title":"Eml\u00e9kez\u00e9s Cseh Tam\u00e1sra","html":"<div>                                <div>                        <h3><a href=\"http:\/\/ungparty.net\/blog\/2011\/01\/24\/cseh-tamas\/\" rel=\"bookmark\">Cseh Tam\u00e1s Eml\u00e9kkoncert<\/a><\/h3><\/div><\/div><div style=\"text-align: justify\">Sz\u00ednvonalas  m\u0171sorral eml\u00e9kezett az MTV Cseh Tam\u00e1sra sz\u00fclet\u00e9s\u00e9nek \u00e9vfordul\u00f3j\u00e1n.  Nyolc sz\u00edn\u00e9sz adta el\u0151 legn\u00e9pszer\u0171bb (\u00e9s n\u00e9h\u00e1ny kev\u00e9sb\u00e9 ismert) dal\u00e1t a  sz\u00f6veg\u00edr\u00f3 szerz\u0151t\u00e1rs, Berem\u00e9nyi G\u00e9za rendez\u00e9s\u00e9ben a Millen\u00e1rison janu\u00e1r  22-\u00e9n \u2013 a t\u00e9v\u00e9 a koncertfilmet m\u00e1snap este sug\u00e1rozta.<\/div><div style=\"text-align: justify\"><br \/><\/div><div style=\"text-align: justify\">Legel\u0151sz\u00f6r az eg\u00e9szen kit\u0171n\u0151 zen\u00e9t kell  kiemelnem. A t\u00falkompon\u00e1lts\u00e1ggal \u00e9ppen nem v\u00e1dolhat\u00f3 eredeti  Cseh-mel\u00f3di\u00e1k Hrutka R\u00f3bert \u00e9s zen\u00e9szt\u00e1rsai kreat\u00edv munk\u00e1ja r\u00e9v\u00e9n igazi  zenem\u0171vekk\u00e9, kompoz\u00edci\u00f3kk\u00e1 v\u00e1ltak. A legink\u00e1bb jazzesnek mondhat\u00f3 gazdag  hangz\u00e1son bel\u00fcl a muzsikusok finom \u00edzl\u00e9ssel b\u00e1ntak a <a href=\"http:\/\/ungparty.net\/blog\/2011\/01\/24\/cseh-tamas\/#more-440\">\u00bbtov\u00e1bb<\/a><\/div>","type":"rich"}

Virtuális Notesz. Balla D. Károj jegyzetei

Balla D. Károj

Emlékezés Cseh Tamásra

<div>                                <div>                        <h3><a href="http://ungparty.net/blog/2011/01/24/cseh-tamas/" rel="bookmark">Cseh Tamás Emlékkoncert</a></h3></div></div><div style="text-align: justify">Színvonalas  műsorral emlékezett az MTV Cseh Tamásra születésének évfordulóján.  Nyolc színész adta elő legnépszerűbb (és néhány kevésbé ismert) dalát a  szövegíró szerzőtárs, Bereményi Géza rendezésében a Millenárison január  22-én – a tévé a koncertfilmet másnap este sugározta.</div><div style="text-align: justify"><br /></div><div style="text-align: justify">Legelőször az egészen kitűnő zenét kell  kiemelnem. A túlkomponáltsággal éppen nem vádolható eredeti  Cseh-melódiák Hrutka Róbert és zenésztársai kreatív munkája révén igazi  zeneművekké, kompozíciókká váltak. A leginkább jazzesnek mondható gazdag  hangzáson belül a muzsikusok finom ízléssel bántak a <a href="http://ungparty.net/blog/2011/01/24/cseh-tamas/#more-440">»tovább</a></div>
