{"version":"1.0","provider_name":"Virtu\u00e1lis Notesz. Balla D. K\u00e1roj jegyzetei","provider_url":"https:\/\/noteszgep.cafeblog.hu","author_name":"Balla D. K\u00e1roj","author_url":"https:\/\/noteszgep.cafeblog.hu\/author\/ungpartygmail-com\/","title":"Magyar Kir\u00e1lyi Orsz\u00e1galma","html":"<a href=\"http:\/\/1.bp.blogspot.com\/-AFODWa1yT-U\/TzK9NsoMz8I\/AAAAAAAABEE\/2bNoqCt4Tfg\/s1600\/ungbefott.jpg\" style=\"clear: right;float: right;margin-bottom: 1em;margin-left: 1em\"><img border=\"0\" src=\"http:\/\/1.bp.blogspot.com\/-AFODWa1yT-U\/TzK9NsoMz8I\/AAAAAAAABEE\/2bNoqCt4Tfg\/s1600\/ungbefott.jpg\" \/><\/a><br \/><div style=\"text-align: justify\"><span style=\"font-size: large\">...avagy 1 deci baroms\u00e1g <\/span><\/div><div style=\"text-align: justify\"><br \/><\/div><div style=\"text-align: justify\">Az al\u00e1bbi lev\u00e9l a Magyar Kir\u00e1lyi (!!)  Kardforgat\u00f3 Rend kapit\u00e1ny\u00e1t\u00f3l \u00e9rkezett. Az illet\u0151 magyar f\u00f6ldb\u0151l k\u00edv\u00e1n  magyar orsz\u00e1galm\u00e1t gy\u00farni, ehhez t\u00f6bbek k\u00f6z\u00f6tt k\u00fclhoni magyarokt\u00f3l  guber\u00e1lja \u00f6ssze decink\u00e9nt - !! - az anyaf\u00f6ldet. De fizetni nem akar  \u00e9rte... A cikk v\u00e9g\u00e9n nem kev\u00e9s der\u0171t okoz\u00f3 fergeteges kardforgat\u00f3  vide\u00f3juk linkj\u00e9t is megadom.<\/div><br \/><b style=\"color: #fff2cc\">Tisztelt Uram !<br \/><br \/> Ezennel szeretn\u00e9m felk\u00e9rni, Ung v\u00e1rmegye f\u00f6ldj\u00e9b\u0151l 1 deciliter mennyis\u00e9get postai vagy egy\u00e9b \u00faton c\u00edmemre megk\u00fcldeni sz\u00edveskedj\u00e9k!<br \/><br \/> A postai d\u00edjat a f\u00f6ld adom\u00e1nyoz\u00f3ja fizeti, mert etikailag \u00e9s mor\u00e1lisan nem egyeztethet\u0151, hogy fizessek a MAGYAR F\u00d6LD\u00c9RT , mely \u00e9rzelmi ind\u00edttat\u00e1sb\u00f3l kell \u00e9rkezzen, hiszen NEM ELAD\u00d3!!!<br \/><br \/> A csatolt \u0171rlapot a hiteles\u00edt\u00e9s ok\u00e1n k\u00e9rem sz\u00e9pen kit\u00f6lteni \u00e9s elk\u00fcldeni sz\u00e1momra, valamint a f\u00e9nyk\u00e9pet a f\u00f6ld v\u00e9telez\u00e9s\u00e9nek azonos\u00edthat\u00f3 helysz\u00edn\u00e9r\u0151l. <a href=\"http:\/\/ungparty.net\/blog\/2012\/02\/08\/1-deci-anyafold\/#more-6163\">\u00bbtov\u00e1bb<\/a><\/b><br \/><br \/><br \/><span style=\"font-size: x-small\">**<\/span><br \/><span style=\"font-size: x-small\"> <\/span><br \/><span style=\"font-size: x-small\">Olvasd el ezt is:<\/span><br \/><span style=\"font-size: x-small\"><br \/><a href=\"http:\/\/ungparty.net\/blog\/2012\/01\/15\/torolt-kollegak\/\" style=\"font-family: Verdana,sans-serif\">T\u00f6r\u00f6lt koll\u00e9g\u00e1k&nbsp;<\/a><span style=\"font-family: Verdana,sans-serif\"> K\u00e9t irodalm\u00e1rt is t\u00f6r\u00f6ln\u00f6m kellett a Facebook-ismer\u0151seim k\u00f6z\u00fcl a napokban. A szlov\u00e1kiai magyar koll\u00e9ga laza buziz\u00e1ssal \u00e9s a judeo-bolsevik \u00f6sszeesk\u00fcv\u00e9sben val\u00f3 l\u00e1that\u00f3 meggy\u0151z\u0151d\u00e9s\u00e9vel h\u00fazta ki n\u00e1lam a gyuf\u00e1t, a k\u00e1rp\u00e1taljai k\u00f6lt\u0151n\u0151 pedig a z\u00e1szl\u00f3\u00e9get\u0151 jobbikosokat n\u00e9pszer\u0171s\u00edt\u0151 vide\u00f3val. Szomor\u00fa dolgok ezek. Olvass\u00e1tok el a teljes sz\u00f6veget. Tanuls\u00e1gos. \u00c9s m\u00e9lyen lehangol\u00f3. <\/span><a href=\"http:\/\/ungparty.net\/blog\/2012\/01\/15\/torolt-kollegak\/#more-5945\" style=\"font-family: Verdana,sans-serif\">\u00bbtov\u00e1bb<\/a><\/span><br \/><br \/><span style=\"font-size: x-small\">**<\/span><br \/><br \/><div style=\"font-family: Arial,Helvetica,sans-serif\"><span style=\"font-size: x-small\">Kerese\u0151ptimaliz\u00e1l\u00e1st v\u00e1llalok: <a href=\"http:\/\/pillangosziv-pillangosziv.blogspot.com\/p\/keresooptimalizalas-honlap.html\" target=\"_blank\">Honlap-optimaliz\u00e1l\u00e1s, keres\u0151marketing, Google-optimaliz\u00e1l\u00e1s&nbsp;<\/a><\/span> <\/div><div style=\"background-color: white;color: black;font-family: Verdana,Arial,Helvetica,sans-serif;font-size: 12px;font-style: normal;font-variant: normal;font-weight: normal;letter-spacing: normal;line-height: normal;text-align: justify;text-indent: 0px\"><span style=\"color: black\"><span style=\"font-size: 12pt\"><b><span style=\"font-size: x-small\"><span style=\"font-weight: normal\"> <\/span><\/span><\/b><\/span><\/span><\/div>","type":"rich"}

Virtuális Notesz. Balla D. Károj jegyzetei

Balla D. Károj

Magyar Királyi Országalma

<a href="http://1.bp.blogspot.com/-AFODWa1yT-U/TzK9NsoMz8I/AAAAAAAABEE/2bNoqCt4Tfg/s1600/ungbefott.jpg" style="clear: right;float: right;margin-bottom: 1em;margin-left: 1em"><img border="0" src="http://1.bp.blogspot.com/-AFODWa1yT-U/TzK9NsoMz8I/AAAAAAAABEE/2bNoqCt4Tfg/s1600/ungbefott.jpg" /></a><br /><div style="text-align: justify"><span style="font-size: large">...avagy 1 deci baromság </span></div><div style="text-align: justify"><br /></div><div style="text-align: justify">Az alábbi levél a Magyar Királyi (!!)  Kardforgató Rend kapitányától érkezett. Az illető magyar földből kíván  magyar országalmát gyúrni, ehhez többek között külhoni magyaroktól  guberálja össze decinként - !! - az anyaföldet. De fizetni nem akar  érte... A cikk végén nem kevés derűt okozó fergeteges kardforgató  videójuk linkjét is megadom.</div><br /><b style="color: #fff2cc">Tisztelt Uram !<br /><br /> Ezennel szeretném felkérni, Ung vármegye földjéből 1 deciliter mennyiséget postai vagy egyéb úton címemre megküldeni szíveskedjék!<br /><br /> A postai díjat a föld adományozója fizeti, mert etikailag és morálisan nem egyeztethető, hogy fizessek a MAGYAR FÖLDÉRT , mely érzelmi indíttatásból kell érkezzen, hiszen NEM ELADÓ!!!<br /><br /> A csatolt űrlapot a hitelesítés okán kérem szépen kitölteni és elküldeni számomra, valamint a fényképet a föld vételezésének azonosítható helyszínéről. <a href="http://ungparty.net/blog/2012/02/08/1-deci-anyafold/#more-6163">»tovább</a></b><br /><br /><br /><span style="font-size: x-small">**</span><br /><span style="font-size: x-small"> </span><br /><span style="font-size: x-small">Olvasd el ezt is:</span><br /><span style="font-size: x-small"><br /><a href="http://ungparty.net/blog/2012/01/15/torolt-kollegak/" style="font-family: Verdana,sans-serif">Törölt kollégák&nbsp;</a><span style="font-family: Verdana,sans-serif"> Két irodalmárt is törölnöm kellett a Facebook-ismerőseim közül a napokban. A szlovákiai magyar kolléga laza buzizással és a judeo-bolsevik összeesküvésben való látható meggyőződésével húzta ki nálam a gyufát, a kárpátaljai költőnő pedig a zászlóégető jobbikosokat népszerűsítő videóval. Szomorú dolgok ezek. Olvassátok el a teljes szöveget. Tanulságos. És mélyen lehangoló. </span><a href="http://ungparty.net/blog/2012/01/15/torolt-kollegak/#more-5945" style="font-family: Verdana,sans-serif">»tovább</a></span><br /><br /><span style="font-size: x-small">**</span><br /><br /><div style="font-family: Arial,Helvetica,sans-serif"><span style="font-size: x-small">Kereseőptimalizálást vállalok: <a href="http://pillangosziv-pillangosziv.blogspot.com/p/keresooptimalizalas-honlap.html" target="_blank">Honlap-optimalizálás, keresőmarketing, Google-optimalizálás&nbsp;</a></span> </div><div style="background-color: white;color: black;font-family: Verdana,Arial,Helvetica,sans-serif;font-size: 12px;font-style: normal;font-variant: normal;font-weight: normal;letter-spacing: normal;line-height: normal;text-align: justify;text-indent: 0px"><span style="color: black"><span style="font-size: 12pt"><b><span style="font-size: x-small"><span style="font-weight: normal"> </span></span></b></span></span></div>
