{"version":"1.0","provider_name":"Virtu\u00e1lis Notesz. Balla D. K\u00e1roj jegyzetei","provider_url":"https:\/\/noteszgep.cafeblog.hu","author_name":"Balla D. K\u00e1roj","author_url":"https:\/\/noteszgep.cafeblog.hu\/author\/ungpartygmail-com\/","title":"N\u00e1rciszok h\u00f6lgye","html":"<div style=\"text-align: justify\"><a href=\"http:\/\/ungparty.net\/blog\/wp-content\/uploads\/2012\/05\/narcisz.jpg\" style=\"clear: left;float: left;margin-bottom: 1em;margin-right: 1em\"><img alt=\"\" class=\"alignleft  wp-image-6873\" src=\"http:\/\/ungparty.net\/blog\/wp-content\/uploads\/2012\/05\/narcisz.jpg\" height=\"138\" style=\"margin-right: 6px;margin-top: 6px\" title=\"Narcissus angustifolius\" width=\"138\" \/><\/a>Mint  azt a t\u00e9ma nemzetk\u00f6zileg elismert szak\u00e9rt\u0151je, prof. K\u00e1llay Labord  el\u0151rejelezte, m\u00e1jus 8-\u00e1n d\u00e9lut\u00e1n 14 \u00f3ra 57 perckor a k\u00e1rp\u00e1taljai Huszt  melletti N\u00e1rciszok v\u00f6lgy\u00e9ben  t\u00f6bb sz\u00e1zezer t\u0151 n\u00e1rcisz bontott egyszerre vir\u00e1got. A Narcissus  angustifolius (helyeslevel\u0171 n\u00e1rcisz) igazi k\u00e1rp\u00e1tjaikum, a szak\u00e9rt\u0151  szerint a j\u00e9gkorszak idej\u00e9n a k\u00f6rnyez\u0151 hegyekb\u0151l le\u00f6ml\u0151 s\u00e1r hozta  mag\u00e1val az egy\u00e9bk\u00e9nt csak a hegyvid\u00e9ken honos n\u00f6v\u00e9ny nemzeti gy\u00f6kereit. \u2013  A <a href=\"http:\/\/blog.k%C3%A1rp%C3%A1talja.net\/\" target=\"_blank\">k\u00e1rp\u00e1ti<\/a> n\u00e1rcisz m\u00e1jusi vir\u00e1gz\u00e1sa idej\u00e9n a t\u00f6bb mint 250 hekt\u00e1ros  v\u00f6lgyet b\u00f3d\u00edt\u00f3 illat hatja \u00e1t. A kisebb mezei vadak szab\u00e1lyos nark\u00f3zisba  esnek t\u0151le, de feljegyezt\u00e9k az esetet, amikor egy jeles k\u00e1rp\u00e1taljai  k\u00f6lt\u0151knek itt siker\u00fclt ihletet ad\u00f3 del\u00edriumba esnie. \u2013 A n\u00e1rciszok  vir\u00e1gz\u00e1sa idej\u00e9n minden \u00e9v m\u00e1jus\u00e1ban itt ker\u00fcl sor a n\u00e1rcisztikus  hajlam\u00fa k\u00f6lt\u0151k vil\u00e1gtal\u00e1lkoz\u00f3j\u00e1ra, tov\u00e1bb\u00e1 pedig a szint\u00e9n  tradicion\u00e1lisnak mondhat\u00f3 m\u00fazsaversenyre is, amelynek sor\u00e1n a k\u00f6lt\u0151k  megv\u00e1lasztj\u00e1k a N\u00e1rciszok H\u00f6lgy\u00e9t.<\/div>","type":"rich"}

Virtuális Notesz. Balla D. Károj jegyzetei

Balla D. Károj

Nárciszok hölgye

<div style="text-align: justify"><a href="http://ungparty.net/blog/wp-content/uploads/2012/05/narcisz.jpg" style="clear: left;float: left;margin-bottom: 1em;margin-right: 1em"><img alt="" class="alignleft  wp-image-6873" src="http://ungparty.net/blog/wp-content/uploads/2012/05/narcisz.jpg" height="138" style="margin-right: 6px;margin-top: 6px" title="Narcissus angustifolius" width="138" /></a>Mint  azt a téma nemzetközileg elismert szakértője, prof. Kállay Labord  előrejelezte, május 8-án délután 14 óra 57 perckor a kárpátaljai Huszt  melletti Nárciszok völgyében  több százezer tő nárcisz bontott egyszerre virágot. A Narcissus  angustifolius (helyeslevelű nárcisz) igazi kárpátjaikum, a szakértő  szerint a jégkorszak idején a környező hegyekből leömlő sár hozta  magával az egyébként csak a hegyvidéken honos növény nemzeti gyökereit. –  A <a href="http://blog.k%C3%A1rp%C3%A1talja.net/" target="_blank">kárpáti</a> nárcisz májusi virágzása idején a több mint 250 hektáros  völgyet bódító illat hatja át. A kisebb mezei vadak szabályos narkózisba  esnek tőle, de feljegyezték az esetet, amikor egy jeles kárpátaljai  költőknek itt sikerült ihletet adó delíriumba esnie. – A nárciszok  virágzása idején minden év májusában itt kerül sor a nárcisztikus  hajlamú költők világtalálkozójára, továbbá pedig a szintén  tradicionálisnak mondható múzsaversenyre is, amelynek során a költők  megválasztják a Nárciszok Hölgyét.</div>
