{"version":"1.0","provider_name":"Virtu\u00e1lis Notesz. Balla D. K\u00e1roj jegyzetei","provider_url":"https:\/\/noteszgep.cafeblog.hu","author_name":"Balla D. K\u00e1roj","author_url":"https:\/\/noteszgep.cafeblog.hu\/author\/ungpartygmail-com\/","title":"Irodalmi z\u00e1rcsere :)","html":"<div style=\"clear: both;text-align: center\"><a href=\"http:\/\/3.bp.blogspot.com\/-ReFfMm_xybM\/UdQJIifXNKI\/AAAAAAAAB8Y\/aI8FTKwZ1CY\/s345\/zarcsere-retesz.gif\" style=\"clear: right;float: right;margin-bottom: 1em;margin-left: 1em\"><img border=\"0\" height=\"320\" src=\"http:\/\/3.bp.blogspot.com\/-ReFfMm_xybM\/UdQJIifXNKI\/AAAAAAAAB8Y\/aI8FTKwZ1CY\/s320\/zarcsere-retesz.gif\" width=\"184\" \/><\/a><\/div>Mik\u00f6zben, \u00fagy fest, \u00fajra lesz tan\u00edtv\u00e1nyom, ez\u00fattal SEO-oktat\u00e1sban fogom r\u00e9szes\u00edteni, ak\u00f6zben \u00fajfent irodalmi keres\u0151optimaliz\u00e1l\u00e1sra vetemedtem, ez\u00fattal egy neten m\u00e9g nem olvashat\u00f3 reg\u00e9nyr\u00e9szletet adapt\u00e1ltam az optimaliz\u00e1l\u00e1s keres\u0151szav\u00e1hoz. F\u0151h\u0151s\u00f6m elk\u00f6lt\u00f6zik otthonr\u00f3l, d\u00f6nt\u00e9s\u00e9t anyja \u00e9s n\u0151v\u00e9re bar\u00e1ts\u00e1gtalan <a href=\"http:\/\/zarcsere-budapest.blogspot.com\/2013\/07\/a-zarcsere.html\" target=\"_blank\">z\u00e1rcser\u00e9vel<\/a> viszonozza. Az \u00faj eszk\u00f6zblog ind\u00edt\u00e1sa \u00e9s m\u00f3dszerem saj\u00e1toss\u00e1ga \u00fajra felveti: vajon a tan\u00edtv\u00e1nyomnak mit tudok ebb\u0151l \u00e1tadni. Illetve mit lehet megtan\u00edtani abb\u00f3l, ha az ember olyan elj\u00e1r\u00e1sokat alkalmaz, amelyet egy tan\u00edtv\u00e1nyt\u00f3l semmik\u00e9ppen nem v\u00e1rhat el. Elv\u00e1rhatom-e pl. hogy az <i>aut\u00f3b\u00e9rl\u00e9s <\/i>keres\u0151sz\u00f3 ok\u00e1n meg\u00edrja az els\u0151 <a href=\"http:\/\/autoberles.blogspot.com\/2013\/07\/az-autokolcsonzes-budapesti-tortenetebol.html\" target=\"_blank\">budapesti aut\u00f3k\u00f6lcs\u00f6nz\u0151 t\u00f6rt\u00e9net\u00e9nek izgalmas epiz\u00f3djait<\/a>, p\u00e9ld\u00e1ul azt, hogyan lap\u00edtott f\u00e1nak egy Ford T-modellt az Andr\u00e1ssy \u00faton a sz\u00e1guld\u00f3 t\u0171z\u00f6lt\u00f3kocsi? Vagy vegyem r\u00e1 arra, hogy saj\u00e1t szociofot\u00f3j\u00e1t haszn\u00e1lja a <i>z\u00e1rcsere <\/i>keres\u0151szav\u00fa projektben? <br \/><span style=\"font-family: Times New Roman, Times, serif\"><\/span>","type":"rich"}

Virtuális Notesz. Balla D. Károj jegyzetei

Balla D. Károj

Irodalmi zárcsere :)

<div style="clear: both;text-align: center"><a href="http://3.bp.blogspot.com/-ReFfMm_xybM/UdQJIifXNKI/AAAAAAAAB8Y/aI8FTKwZ1CY/s345/zarcsere-retesz.gif" style="clear: right;float: right;margin-bottom: 1em;margin-left: 1em"><img border="0" height="320" src="http://3.bp.blogspot.com/-ReFfMm_xybM/UdQJIifXNKI/AAAAAAAAB8Y/aI8FTKwZ1CY/s320/zarcsere-retesz.gif" width="184" /></a></div>Miközben, úgy fest, újra lesz tanítványom, ezúttal SEO-oktatásban fogom részesíteni, aközben újfent irodalmi keresőoptimalizálásra vetemedtem, ezúttal egy neten még nem olvasható regényrészletet adaptáltam az optimalizálás keresőszavához. Főhősöm elköltözik otthonról, döntését anyja és nővére barátságtalan <a href="http://zarcsere-budapest.blogspot.com/2013/07/a-zarcsere.html" target="_blank">zárcserével</a> viszonozza. Az új eszközblog indítása és módszerem sajátossága újra felveti: vajon a tanítványomnak mit tudok ebből átadni. Illetve mit lehet megtanítani abból, ha az ember olyan eljárásokat alkalmaz, amelyet egy tanítványtól semmiképpen nem várhat el. Elvárhatom-e pl. hogy az <i>autóbérlés </i>keresőszó okán megírja az első <a href="http://autoberles.blogspot.com/2013/07/az-autokolcsonzes-budapesti-tortenetebol.html" target="_blank">budapesti autókölcsönző történetének izgalmas epizódjait</a>, például azt, hogyan lapított fának egy Ford T-modellt az Andrássy úton a száguldó tűzöltókocsi? Vagy vegyem rá arra, hogy saját szociofotóját használja a <i>zárcsere </i>keresőszavú projektben? <br /><span style="font-family: Times New Roman, Times, serif"></span>
